*o + 1. Let u be z(-6). Let a = u + 312. What is the units digit of a?
5
Let x(m) = -m**2 + 8*m + 12. Suppose -q = 3*d - 22, 2*d = 5*q - 28 + 3. What is the units digit of x(q)?
9
Suppose -2*g = -5*k + 1303, 5*g + 4 = 4*g. What is the hundreds digit of k?
2
Let c(x) = 6*x**3 + 2*x**2 - 3*x + 3. Suppose 1 = -5*d + q + 10, -d + 5 = -q. Let n be d*-2 + (1 - -3). What is the tens digit of c(n)?
5
Let k = -999 - -1846. What is the hundreds digit of k?
8
Suppose 5*g = 3*m - 15, -2*m + 2 = -4*g - 8. Suppose -242 = -3*b - 2*f, b + 2*b - 3*f - 222 = g. What is the tens digit of b/8 + (-1)/(-4)?
1
Suppose -7*f = -5*x - 4*f + 1225, x - 245 = -f. What is the hundreds digit of x?
2
Let d be (-12)/21 + (-171)/7. What is the units digit of ((-32)/10 + (2 - 2))*d?
0
Let k(d) = -26*d**3 - 7*d**2 - 14*d - 13. What is the tens digit of k(-3)?
6
Let g be (-2)/9 - 14/(-63). Let l(z) = 69*z**3 - 1. Let b be l(1). Suppose -5*q - 3 + b = g. What is the units digit of q?
3
Let b(s) = -s**2 - 8*s + 10. Let h be 4 + (1 - (-2 - -4)). Suppose -j - h = 5. What is the units digit of b(j)?
0
Let k be (-1 + -8*4)*16/(-3). Suppose k*i - 177*i = -151. What is the tens digit of i?
5
Let b(a) = 30*a - 40. What is the tens digit of b(4)?
8
Suppose -3*x - 232 = x + 3*y, -3*x - 5*y = 163. Let r = x + 86. What is the tens digit of r?
2
Suppose -f - 2352 = -4*i, 2*i + 3*f - 1321 + 131 = 0. What is the units digit of i?
9
Let n(g) = -g**2 - g - 1. Let w(v) = 3*v**2 - 10*v + 5. Let j(f) = 4*n(f) + w(f). Suppose s - 4*b + 22 = 4, s + 8 = -b. What is the units digit of j(s)?
1
Let f(g) = 8*g**2 - 47*g - 12. What is the units digit of f(-6)?
8
Suppose -3262 = 130*b - 137*b. What is the units digit of b?
6
Suppose 36 = r + 3*r. Suppose 28 + r = u. Let v = -6 + u. What is the units digit of v?
1
Let t(f) = 9*f**2 - 118*f + 52. What is the thousands digit of t(20)?
1
Let h(x) = -x**2 + 9*x + 8. Let n(u) = -u**3 - 4*u**2 - u + 2. Let j(f) = f + 3. Let t be j(-7). Let r be n(t). What is the units digit of h(r)?
6
Let v = -1226 - -1444. What is the tens digit of v?
1
Suppose -3*t - 2*t = 0. Suppose t*o - 103 = -2*o + 3*g, 4*g = 4*o - 196. What is the tens digit of o?
4
Let f be (6/(-7))/(10/(-35)). Let p be 0 - (-2 - f) - -1. Suppose -5*n = -25, -5*c + p*c = 4*n + 32. What is the tens digit of c?
5
Suppose -5*s - 63 = 297. What is the tens digit of 5/((-15)/s) + 1?
2
Let j = 3 + 8. Suppose -12*w + 3 = -j*w. Suppose -w*h + 12 = 0, 4*p - h + 2*h = 196. What is the units digit of p?
8
Suppose -x = -5*a + 3907, -9*a - 3*x + 2337 = -6*a. What is the units digit of a?
1
Let i(l) = 1 + l + 3*l**3 + 2*l**2 - 7*l**2 + 4*l**2. What is the units digit of i(3)?
6
Suppose 0 = 14*p - 16*p. Let q(n) be the third derivative of n**4/12 + 3*n**3 - 9*n**2. What is the tens digit of q(p)?
1
Let t(a) = -a**3 - 5*a**2 - 6*a - 6. Let i be t(-4). Suppose -3*v = -4*q + 225, 226 = 3*q + q - i*v. What is the units digit of q?
7
Suppose 392 = -2*m + 4*w, -5*m + 4*w + 548 = 1552. Let d = -92 - m. Suppose 48 = 5*s - d. What is the tens digit of s?
3
Suppose -4*q - 3*t - 3 = 0, 2*q + 0*q + 4*t = -4. Suppose -2*n - 13*n + 1230 = q. What is the units digit of n?
2
Suppose 6*i - 4*i - 4*w = 900, -5*w + 918 = 2*i. What is the units digit of i?
4
Suppose 0 = -d + 5*h + 672, d + 2*h - 419 = 246. Suppose -1861 = -6*p - d. What is the hundreds digit of p?
1
Suppose -4*d + 2*d + 5*r + 27 = 0, 4*d = -r + 21. Let q = 10 - d. Suppose 4*u = q*f - 200, -f - 3 + 33 = 3*u. What is the units digit of f?
5
Let z = -1022 - -400. Let o = -354 - z. What is the tens digit of o?
6
Let p(n) = n**2 + 13*n + 6. Let y be p(-8). Let u = -241 + 242. Let g = u - y. What is the units digit of g?
5
Suppose 5*c - 25 = -4*u, -2*u + 0*c = -4*c + 20. What is the tens digit of 185*((-2)/(-5) + u/1)?
7
Let x be -6 + (0 - -1 - 2). Let d = 17 + x. Suppose 5*h + 80 = d*h. What is the units digit of h?
6
Suppose 112*r - 107*r = 3*y - 3587, y = -3*r + 1219. What is the units digit of y?
4
Let l(i) be the second derivative of i**5/10 - i**4/3 - i**3 + 3*i**2/2 - 24*i. Suppose -2*g + 1 + 7 = 0. What is the units digit of l(g)?
3
Suppose 0 = -7*a + 83 + 232. Let c be (12/18)/(6/a). Suppose -c*d - 1 + 51 = 0. What is the units digit of d?
0
What is the tens digit of 1169 + -2*(-24)/8?
7
Let z(l) = 863*l + 24. What is the hundreds digit of z(5)?
3
Suppose -19*f + 12586 = -1322. What is the tens digit of f?
3
Let c = 0 - -4. Suppose c*f = 3*b + 19 - 66, 4*f + 73 = 5*b. What is the tens digit of b?
1
Let v(i) = -46*i + 1050. What is the units digit of v(0)?
0
Let n(c) = c**3 + 35*c**2 + 33*c - 20. What is the tens digit of n(-32)?
9
Let s(l) = 3*l**2 - 3*l - 5. Let p(w) = -2*w**2 + 2*w + 4. Let t(a) = 4*p(a) + 3*s(a). Suppose 3*f + 3*b = -12, -3 = b - 2. What is the tens digit of t(f)?
1
Suppose c = 8*c. Suppose c = -2*v + 3*v - 14. What is the tens digit of v?
1
Let c be -1*(-2)/(-4) + 1095/(-10). Let a = -64 - c. What is the units digit of a?
6
Suppose 7*z = 535 + 5170. What is the hundreds digit of z?
8
What is the tens digit of 3687 + 1 + 17 + -11?
9
Let r = 509 + -328. What is the units digit of r?
1
Let k(z) = -112*z - 46. What is the tens digit of k(-8)?
5
Suppose 0 = -4*g - l + 15, 16 = 5*g + 3*l + l. Suppose -12 = -8*n + g*n. Suppose -f + 36 = 2*s, 137 = 5*f + n*s - 71. What is the tens digit of f?
4
Let n = 25 - 34. Let p(k) = -5*k - 24. What is the tens digit of p(n)?
2
Let r = 1224 + -402. Suppose 192 = -6*l + r. What is the hundreds digit of l?
1
Suppose -10 - 8 = 3*u. Let z = u - -65. What is the tens digit of z?
5
Suppose q - 7 = -0*m - 3*m, -5 = -2*q - 3*m. Let h(c) = -10*c**3 - c**2 + 2. What is the tens digit of h(q)?
7
Let w = 1037 - 519. What is the units digit of w?
8
Let d = 3412 + -2070. What is the units digit of d?
2
Suppose -4*i + 3*b = -b - 24, 5*i - 4*b = 26. Suppose -60 = -i*r + 132. What is the tens digit of r?
9
Let s(o) = o. Let f(a) = 90*a - 27. Let l(z) = 7*z - 2. Let j(m) = 2*f(m) - 27*l(m). Let v(x) = j(x) - 4*s(x). What is the units digit of v(-5)?
5
Let o(w) = w**3 + 75*w**2 + 21*w + 212. What is the thousands digit of o(-74)?
4
Let c(d) = -d**3 + 11*d**2 - 2*d - 2. Let u be -2 + 5 + 0/1. What is the tens digit of c(u)?
6
Suppose 0 = 2*h - 8 - 2. Let q be -3 - -5 - ((-4)/(-1))/(-4). Suppose -q*a + 4 = -h. What is the units digit of a?
3
Suppose -8*l + 418 = -182. What is the units digit of l?
5
Let l(w) = -89*w + 124. What is the hundreds digit of l(-9)?
9
What is the tens digit of 83*(8 + 25 + -7)?
5
Let n = -761 - -1188. What is the tens digit of n?
2
Let o be 3 - (-3 + (-84)/4). Let z = o + 37. What is the units digit of z?
4
Suppose -15 = -4*n + 5. Suppose -n*l = -165 - 125. What is the units digit of l?
8
Let i(z) = 2*z + 18. Let j be i(-9). Suppose 0 = -j*g + 4*g - 340. What is the units digit of g?
5
Suppose -17*n = 7690 - 22939. What is the tens digit of n?
9
Suppose -3*j + 84 = 4*h + j, -41 = -h + 3*j. Let p = 29 + h. What is the tens digit of p?
5
Let a = 47 - -1858. What is the tens digit of a?
0
Let j = 0 + 1. Let d = j + -1. Suppose d*o + 5*o = 170. What is the units digit of o?
4
Let x = 100 - 100. Suppose x*d + 7*d = 658. What is the tens digit of d?
9
Let n(g) = -68*g + 591. What is the hundreds digit of n(-26)?
3
Suppose 0 = 5*r - 314 - 356. Suppose -l = -5*l - 5*o + 215, 162 = 3*l + 4*o. Suppose 5*d + 0*t - 3*t = r, -3*t = -2*d + l. What is the tens digit of d?
2
Let q(i) = -i**2 - 4*i + 9. Let z be q(-5). Let g be 13/4 + 4/(-16). Suppose -n + 21 = 2*r, g*n + z*r = 22 + 43. What is the units digit of n?
3
Suppose 2*y = 3*a - 77, 3*a - 80 = 6*y - y. Suppose -5*w + 36 = z - 10, a = -5*w. What is the units digit of z?
1
Let i = -6 + 14. Suppose 2*s - i*s = -6. Let d(m) = 35*m**3 + 2*m - 1. What is the units digit of d(s)?
6
Let b(s) = 2*s - 2. Suppose p + 1 = 4. Let a be b(p). Suppose 0*o - 228 = -a*o. What is the tens digit of o?
5
Let v = 8392 - 5746. Suppose -11*l + 9*l = v. What is the tens digit of l/(-35) - (-4)/(-5)?
3
Suppose -4*n + 661 + 1799 = 0. What is the tens digit of n?
1
Let n(v) = 27*v**3 - 8*v**2 - 5*v + 11. What is the tens digit of n(3)?
5
Let m(b) = -b**3 + 2*b**2 - 2*b + 34. What is the tens digit of m(-8)?
9
What is the units digit of (-9)/(-3) + (-1 - (-487 + -2))?
1
Let v(o) = -15*o - 11*o + 9